{"id":13,"date":"2018-05-15T08:16:07","date_gmt":"2018-05-15T08:16:07","guid":{"rendered":"http:\/\/peggi.select-themes.com\/?page_id=13"},"modified":"2023-05-12T05:34:12","modified_gmt":"2023-05-12T05:34:12","slug":"main-home-2","status":"publish","type":"page","link":"https:\/\/vrticpcelicavrgorac.com\/","title":{"rendered":"Po\u010detna"},"content":{"rendered":"<p>[vc_row css=&#8221;.vc_custom_1526901818748{padding-right: 30px !important;padding-bottom: 30px !important;padding-left: 30px !important;}&#8221;][vc_column][rev_slider_vc alias=&#8221;main-home&#8221; enable_paspartu=&#8221;no&#8221;][\/vc_column][\/vc_row][vc_row row_content_width=&#8221;grid&#8221; disable_background_image=&#8221;&#8221; css=&#8221;.vc_custom_1537533266408{padding-top: 80px !important;padding-bottom: 80px !important;}&#8221; simple_background_image=&#8221;3260&#8243;][vc_column offset=&#8221;vc_col-lg-6&#8243;]<div class=\"qodef-elements-holder   qodef-one-column  qodef-responsive-mode-768 \" ><div class=\"qodef-eh-item    \"  data-item-class=\"qodef-eh-custom-3396\" data-1367-1600=\"35px 12% 0 0\" data-1025-1366=\"35px 12% 0 0\" data-769-1024=\"0px 12% 70px 0\" data-681-768=\"0px 12% 70px 0\" data-680=\"0px 0% 70px 0\">\n\t<div class=\"qodef-eh-item-inner\">\n\t\t<div class=\"qodef-eh-item-content qodef-eh-custom-3396\" style=\"padding: 42px 20% 0 0 \">\n\t\t\t<div class=\"qodef-section-title-holder   qodef-st-animation \" >\n\t<div class=\"qodef-st-inner\">\n\t\t\t\t\t<h3 class=\"qodef-st-title\" >\n\t\t\t\tDJE\u010cJI VRTI\u0106<br \/> P\u010cELICA VRGORAC\t\t\t<\/h3>\n\t\t\t\t<span class=\"qodef-st-separator\"><\/span>\n\t\t\t\t\t<p class=\"qodef-st-text\" style=\"font-size: 16px;line-height: 30px\">\n\t\t\t\tDje\u010dji vrti\u0107 P\u010delica Vrgorac sa svojim je djelovanjem zapo\u010deo 24. rujna 1980.godine i bio je u sklopu Osnovne \u0161kole Vrgorac, ali u samostalnom objektu. Bila je to mje\u0161ovita skupina djece od navr\u0161ene tri godine do polaska u \u0161kolu. Ukupan broj djece koja su poha\u0111ala vrti\u0107 u tom periodu bio je 58 raspore\u0111enih u dvije odgojno-obrazovne skupine.<br \/>\n\t\t\t<\/p>\n\t\t\t\t<a itemprop=\"url\" href=\"https:\/\/vrticpcelicavrgorac.com\/?page_id=515\" target=\"_self\"  class=\"qodef-btn qodef-btn-medium qodef-btn-simple qodef-btn- \"  >    <span class=\"qodef-btn-text\">Vi\u0161e o nama<\/span>    \t<\/a>\t<\/div>\n<\/div>\t\t<\/div>\n\t<\/div>\n<\/div><\/div>[\/vc_column][vc_column offset=&#8221;vc_col-lg-6&#8243;][vc_single_image image=&#8221;3263&#8243; img_size=&#8221;full&#8221;][\/vc_column][\/vc_row][vc_row row_content_width=&#8221;grid&#8221; css=&#8221;.vc_custom_1537527921279{margin-bottom: 60px !important;}&#8221;][vc_column][vc_column_text css=&#8221;.vc_custom_1537527829976{margin-bottom: 50px !important;}&#8221;]<\/p>\n<h2 style=\"text-align: center;\">Novosti<\/h2>\n<p>[\/vc_column_text]<div class=\"qodef-blog-list-holder qodef-grid-list qodef-grid-masonry-list qodef-disable-bottom-space qodef-bl-masonry qodef-four-columns qodef-normal-space qodef-bl-pag-no-pagination\"  data-type=masonry data-number-of-posts=4 data-number-of-columns=four data-space-between-items=normal data-orderby=date data-order=DESC data-image-size=medium data-title-tag=h4 data-excerpt-length=40 data-post-info-section=yes data-post-info-image=yes data-post-info-author=yes data-post-info-category=yes data-pagination-type=no-pagination data-max-num-pages=77 data-next-page=2>\n\t<div class=\"qodef-bl-wrapper qodef-outer-space\">\n\t\t<ul class=\"qodef-blog-list qodef-masonry-list-wrapper\">\n\t\t\t<li class=\"qodef-masonry-grid-sizer\"><\/li>\n\t\t\t<li class=\"qodef-masonry-grid-gutter\"><\/li>\n\t\t\t<li class=\"qodef-bl-item qodef-item-space\">\n\t<div class=\"qodef-bli-inner\">\n\t\t\n\t<div class=\"qodef-post-image\">\n\t\t\t\t\t<a itemprop=\"url\" href=\"https:\/\/vrticpcelicavrgorac.com\/?p=6289\" title=\"IZVJE\u0160\u0106E O TRO\u0160ENJU SREDSTAVA ZA TRAVANJ 2026.\">\n\t\t\t\t\t<img loading=\"lazy\" decoding=\"async\" width=\"300\" height=\"162\" src=\"https:\/\/vrticpcelicavrgorac.com\/wp-content\/uploads\/2024\/02\/godisnj_izvjesce-300x162.jpg\" class=\"attachment-medium size-medium wp-post-image\" alt=\"\" srcset=\"https:\/\/vrticpcelicavrgorac.com\/wp-content\/uploads\/2024\/02\/godisnj_izvjesce-300x162.jpg 300w, https:\/\/vrticpcelicavrgorac.com\/wp-content\/uploads\/2024\/02\/godisnj_izvjesce-600x324.jpg 600w, https:\/\/vrticpcelicavrgorac.com\/wp-content\/uploads\/2024\/02\/godisnj_izvjesce.jpg 750w\" sizes=\"(max-width: 300px) 100vw, 300px\" \/>\t\t\t\t\t<\/a>\n\t\t\t\t\t<\/div>\n\t\t\t\t\t<div class=\"qodef-bli-info-top\">\n\t\t\t\t<div class=\"qodef-post-info-category\">\n    <a href=\"https:\/\/vrticpcelicavrgorac.com\/?cat=84\" rel=\"category\">Financijska izvje\u0161\u0107a<\/a>, <a href=\"https:\/\/vrticpcelicavrgorac.com\/?cat=80\" rel=\"category\">Novosti<\/a><\/div>\t\t\t<\/div>\n\t\t        <div class=\"qodef-bli-content\" >\n\t        \n<h4 itemprop=\"name\" class=\"entry-title qodef-post-title\" >\n            <a itemprop=\"url\" href=\"https:\/\/vrticpcelicavrgorac.com\/?p=6289\" title=\"IZVJE\u0160\u0106E O TRO\u0160ENJU SREDSTAVA ZA TRAVANJ 2026.\">\n            IZVJE\u0160\u0106E O TRO\u0160ENJU SREDSTAVA ZA TRAVANJ 2026.            <\/a>\n    <\/h4>\t\n\t        \t\t        <div class=\"qodef-bli-info-bottom\">\n\t\t\t        <div class=\"qodef-post-info-author\">\n    <a itemprop=\"author\" class=\"qodef-post-info-author-link\" href=\"https:\/\/vrticpcelicavrgorac.com\/?author=1\">\n        pcelicavrg    <\/a>\n<\/div>\t\t        <\/div>\n\t        \t        \n        <\/div>\n\t<\/div>\n<\/li><li class=\"qodef-bl-item qodef-item-space\">\n\t<div class=\"qodef-bli-inner\">\n\t\t\n\t<div class=\"qodef-post-image\">\n\t\t\t\t\t<a itemprop=\"url\" href=\"https:\/\/vrticpcelicavrgorac.com\/?p=6283\" title=\"JAVNI NATJE\u010cAJ ZA UPIS DJECE U DJE\u010cJI VRTI\u0106 P\u010cELICA VRGORAC ZA PEDAGO\u0160KU GODINU 2026.\/2027.\">\n\t\t\t\t\t<img loading=\"lazy\" decoding=\"async\" width=\"300\" height=\"179\" src=\"https:\/\/vrticpcelicavrgorac.com\/wp-content\/uploads\/2026\/05\/vrt-300x179.jpg\" class=\"attachment-medium size-medium wp-post-image\" alt=\"\" srcset=\"https:\/\/vrticpcelicavrgorac.com\/wp-content\/uploads\/2026\/05\/vrt-300x179.jpg 300w, https:\/\/vrticpcelicavrgorac.com\/wp-content\/uploads\/2026\/05\/vrt-768x459.jpg 768w, https:\/\/vrticpcelicavrgorac.com\/wp-content\/uploads\/2026\/05\/vrt-600x359.jpg 600w, https:\/\/vrticpcelicavrgorac.com\/wp-content\/uploads\/2026\/05\/vrt.jpg 994w\" sizes=\"(max-width: 300px) 100vw, 300px\" \/>\t\t\t\t\t<\/a>\n\t\t\t\t\t<\/div>\n\t\t\t\t\t<div class=\"qodef-bli-info-top\">\n\t\t\t\t<div class=\"qodef-post-info-category\">\n    <a href=\"https:\/\/vrticpcelicavrgorac.com\/?cat=1\" rel=\"category\">Uncategorized<\/a><\/div>\t\t\t<\/div>\n\t\t        <div class=\"qodef-bli-content\" >\n\t        \n<h4 itemprop=\"name\" class=\"entry-title qodef-post-title\" >\n            <a itemprop=\"url\" href=\"https:\/\/vrticpcelicavrgorac.com\/?p=6283\" title=\"JAVNI NATJE\u010cAJ ZA UPIS DJECE U DJE\u010cJI VRTI\u0106 P\u010cELICA VRGORAC ZA PEDAGO\u0160KU GODINU 2026.\/2027.\">\n            JAVNI NATJE\u010cAJ ZA UPIS DJECE U DJE\u010cJI VRTI\u0106 P\u010cELICA VRGORAC ZA PEDAGO\u0160KU GODINU 2026.\/2027.            <\/a>\n    <\/h4>\t\n\t        \t\t        <div class=\"qodef-bli-info-bottom\">\n\t\t\t        <div class=\"qodef-post-info-author\">\n    <a itemprop=\"author\" class=\"qodef-post-info-author-link\" href=\"https:\/\/vrticpcelicavrgorac.com\/?author=1\">\n        pcelicavrg    <\/a>\n<\/div>\t\t        <\/div>\n\t        \t        \n        <\/div>\n\t<\/div>\n<\/li><li class=\"qodef-bl-item qodef-item-space\">\n\t<div class=\"qodef-bli-inner\">\n\t\t\n\t<div class=\"qodef-post-image\">\n\t\t\t\t\t<a itemprop=\"url\" href=\"https:\/\/vrticpcelicavrgorac.com\/?p=6280\" title=\"IZVJE\u0160\u0106E O TRO\u0160ENJU SREDSTAVA ZA O\u017dUJAK 2026.\">\n\t\t\t\t\t<img loading=\"lazy\" decoding=\"async\" width=\"300\" height=\"162\" src=\"https:\/\/vrticpcelicavrgorac.com\/wp-content\/uploads\/2024\/02\/godisnj_izvjesce-300x162.jpg\" class=\"attachment-medium size-medium wp-post-image\" alt=\"\" srcset=\"https:\/\/vrticpcelicavrgorac.com\/wp-content\/uploads\/2024\/02\/godisnj_izvjesce-300x162.jpg 300w, https:\/\/vrticpcelicavrgorac.com\/wp-content\/uploads\/2024\/02\/godisnj_izvjesce-600x324.jpg 600w, https:\/\/vrticpcelicavrgorac.com\/wp-content\/uploads\/2024\/02\/godisnj_izvjesce.jpg 750w\" sizes=\"(max-width: 300px) 100vw, 300px\" \/>\t\t\t\t\t<\/a>\n\t\t\t\t\t<\/div>\n\t\t\t\t\t<div class=\"qodef-bli-info-top\">\n\t\t\t\t<div class=\"qodef-post-info-category\">\n    <a href=\"https:\/\/vrticpcelicavrgorac.com\/?cat=84\" rel=\"category\">Financijska izvje\u0161\u0107a<\/a>, <a href=\"https:\/\/vrticpcelicavrgorac.com\/?cat=80\" rel=\"category\">Novosti<\/a><\/div>\t\t\t<\/div>\n\t\t        <div class=\"qodef-bli-content\" >\n\t        \n<h4 itemprop=\"name\" class=\"entry-title qodef-post-title\" >\n            <a itemprop=\"url\" href=\"https:\/\/vrticpcelicavrgorac.com\/?p=6280\" title=\"IZVJE\u0160\u0106E O TRO\u0160ENJU SREDSTAVA ZA O\u017dUJAK 2026.\">\n            IZVJE\u0160\u0106E O TRO\u0160ENJU SREDSTAVA ZA O\u017dUJAK 2026.            <\/a>\n    <\/h4>\t\n\t        \t\t        <div class=\"qodef-bli-info-bottom\">\n\t\t\t        <div class=\"qodef-post-info-author\">\n    <a itemprop=\"author\" class=\"qodef-post-info-author-link\" href=\"https:\/\/vrticpcelicavrgorac.com\/?author=1\">\n        pcelicavrg    <\/a>\n<\/div>\t\t        <\/div>\n\t        \t        \n        <\/div>\n\t<\/div>\n<\/li><li class=\"qodef-bl-item qodef-item-space\">\n\t<div class=\"qodef-bli-inner\">\n\t\t\n\t<div class=\"qodef-post-image\">\n\t\t\t\t\t<a itemprop=\"url\" href=\"https:\/\/vrticpcelicavrgorac.com\/?p=6270\" title=\"NATJE\u010cAJ ZA RADNO MJESTO\">\n\t\t\t\t\t<img loading=\"lazy\" decoding=\"async\" width=\"300\" height=\"200\" src=\"https:\/\/vrticpcelicavrgorac.com\/wp-content\/uploads\/2023\/10\/1646403176-300x200.jpg\" class=\"attachment-medium size-medium wp-post-image\" alt=\"\" srcset=\"https:\/\/vrticpcelicavrgorac.com\/wp-content\/uploads\/2023\/10\/1646403176-300x200.jpg 300w, https:\/\/vrticpcelicavrgorac.com\/wp-content\/uploads\/2023\/10\/1646403176-768x512.jpg 768w, https:\/\/vrticpcelicavrgorac.com\/wp-content\/uploads\/2023\/10\/1646403176-600x400.jpg 600w, https:\/\/vrticpcelicavrgorac.com\/wp-content\/uploads\/2023\/10\/1646403176.jpg 1024w\" sizes=\"(max-width: 300px) 100vw, 300px\" \/>\t\t\t\t\t<\/a>\n\t\t\t\t\t<\/div>\n\t\t\t\t\t<div class=\"qodef-bli-info-top\">\n\t\t\t\t<div class=\"qodef-post-info-category\">\n    <a href=\"https:\/\/vrticpcelicavrgorac.com\/?cat=81\" rel=\"category\">Javna nabava<\/a>, <a href=\"https:\/\/vrticpcelicavrgorac.com\/?cat=80\" rel=\"category\">Novosti<\/a><\/div>\t\t\t<\/div>\n\t\t        <div class=\"qodef-bli-content\" >\n\t        \n<h4 itemprop=\"name\" class=\"entry-title qodef-post-title\" >\n            <a itemprop=\"url\" href=\"https:\/\/vrticpcelicavrgorac.com\/?p=6270\" title=\"NATJE\u010cAJ ZA RADNO MJESTO\">\n            NATJE\u010cAJ ZA RADNO MJESTO            <\/a>\n    <\/h4>\t\n\t        \t\t        <div class=\"qodef-bli-info-bottom\">\n\t\t\t        <div class=\"qodef-post-info-author\">\n    <a itemprop=\"author\" class=\"qodef-post-info-author-link\" href=\"https:\/\/vrticpcelicavrgorac.com\/?author=1\">\n        pcelicavrg    <\/a>\n<\/div>\t\t        <\/div>\n\t        \t        \n        <\/div>\n\t<\/div>\n<\/li>\t\t<\/ul>\n\t<\/div>\n\t<\/div>[\/vc_column][\/vc_row][vc_row disable_background_image=&#8221;&#8221; simple_background_image=&#8221;2714&#8243;][vc_column]<div class=\"qodef-elements-holder   qodef-one-column  qodef-responsive-mode-768 \" ><div class=\"qodef-eh-item    \"  data-item-class=\"qodef-eh-custom-6218\" data-769-1024=\"83px 0px\" data-681-768=\"44px 0px\" data-680=\"38px 0px\">\n\t<div class=\"qodef-eh-item-inner\">\n\t\t<div class=\"qodef-eh-item-content qodef-eh-custom-6218\" style=\"padding: 100px 0px\">\n\t\t\t<div class=\"qodef-call-to-action-holder  qodef-normal-layout qodef-content-in-grid qodef-three-quarters-columns\">\n\t<div class=\"qodef-cta-inner qodef-grid\">\n\t\t<div class=\"qodef-cta-text-holder\">\n\t\t\t<div class=\"qodef-cta-text\">\n<h3>Imate pitanje? Slobodno nas kontaktirajte<\/h3>\n<\/div>\n\t\t<\/div>\n\t\t<div class=\"qodef-cta-button-holder\" >\n\t\t\t<div class=\"qodef-cta-button\"><a itemprop=\"url\" href=\"https:\/\/vrticpcelicavrgorac.com\/?page_id=569\" target=\"_self\" style=\"color: #000000;background-color: #ffffff\" class=\"qodef-btn qodef-btn-medium qodef-btn-solid qodef-btn- qodef-btn-custom-hover-bg qodef-hover-animation\" data-hover-item-bg-color=\"#ffffff\" >    <span class=\"qodef-btn-text\">Kontaktirajte nas<\/span>    \t\t\t<span class=\"qodef-blob-btn-inner\">\t\t\t<span class=\"qodef-blob-btn-blobs\">\t\t\t<span class=\"qodef-blob-btn-blob\"><\/span>\t\t\t<span class=\"qodef-blob-btn-blob\"><\/span>\t\t\t<span class=\"qodef-blob-btn-blob\"><\/span>\t\t\t<span class=\"qodef-blob-btn-blob\"><\/span>\t\t<\/span>    <\/span>\t<\/a><\/div>\n\t\t<\/div>\n\t<\/div>\n<\/div>\t\t<\/div>\n\t<\/div>\n<\/div><\/div>[\/vc_column][\/vc_row]<\/p>\n","protected":false},"excerpt":{"rendered":"<p>[vc_row css=&#8221;.vc_custom_1526901818748{padding-right: 30px !important;padding-bottom: 30px !important;padding-left: 30px !important;}&#8221;][vc_column][rev_slider_vc alias=&#8221;main-home&#8221; enable_paspartu=&#8221;no&#8221;][\/vc_column][\/vc_row][vc_row row_content_width=&#8221;grid&#8221; disable_background_image=&#8221;&#8221; css=&#8221;.vc_custom_1537533266408{padding-top: 80px !important;padding-bottom: 80px !important;}&#8221; simple_background_image=&#8221;3260&#8243;][vc_column offset=&#8221;vc_col-lg-6&#8243;][\/vc_column][vc_column offset=&#8221;vc_col-lg-6&#8243;][vc_single_image image=&#8221;3263&#8243; img_size=&#8221;full&#8221;][\/vc_column][\/vc_row][vc_row row_content_width=&#8221;grid&#8221; css=&#8221;.vc_custom_1537527921279{margin-bottom: 60px !important;}&#8221;][vc_column][vc_column_text css=&#8221;.vc_custom_1537527829976{margin-bottom: 50px !important;}&#8221;] Novosti [\/vc_column_text][\/vc_column][\/vc_row][vc_row disable_background_image=&#8221;&#8221; simple_background_image=&#8221;2714&#8243;][vc_column][\/vc_column][\/vc_row]<\/p>\n","protected":false},"author":1,"featured_media":0,"parent":0,"menu_order":0,"comment_status":"closed","ping_status":"closed","template":"full-width.php","meta":{"footnotes":""},"_links":{"self":[{"href":"https:\/\/vrticpcelicavrgorac.com\/index.php?rest_route=\/wp\/v2\/pages\/13"}],"collection":[{"href":"https:\/\/vrticpcelicavrgorac.com\/index.php?rest_route=\/wp\/v2\/pages"}],"about":[{"href":"https:\/\/vrticpcelicavrgorac.com\/index.php?rest_route=\/wp\/v2\/types\/page"}],"author":[{"embeddable":true,"href":"https:\/\/vrticpcelicavrgorac.com\/index.php?rest_route=\/wp\/v2\/users\/1"}],"replies":[{"embeddable":true,"href":"https:\/\/vrticpcelicavrgorac.com\/index.php?rest_route=%2Fwp%2Fv2%2Fcomments&post=13"}],"version-history":[{"count":30,"href":"https:\/\/vrticpcelicavrgorac.com\/index.php?rest_route=\/wp\/v2\/pages\/13\/revisions"}],"predecessor-version":[{"id":5465,"href":"https:\/\/vrticpcelicavrgorac.com\/index.php?rest_route=\/wp\/v2\/pages\/13\/revisions\/5465"}],"wp:attachment":[{"href":"https:\/\/vrticpcelicavrgorac.com\/index.php?rest_route=%2Fwp%2Fv2%2Fmedia&parent=13"}],"curies":[{"name":"wp","href":"https:\/\/api.w.org\/{rel}","templated":true}]}}